{"id":2883,"date":"2026-01-07T23:26:17","date_gmt":"2026-01-07T23:26:17","guid":{"rendered":"https:\/\/comprosuauto.com\/?post_type=product&#038;p=2883"},"modified":"2026-01-07T23:26:17","modified_gmt":"2026-01-07T23:26:17","slug":"ford-explorer-limited-2016","status":"publish","type":"product","link":"https:\/\/comprosuauto.com\/index.php\/producto\/ford-explorer-limited-2016\/","title":{"rendered":"Ford Explorer Limited 2016"},"content":{"rendered":"<div class=\"\" data-block=\"true\" data-editor=\"4lqvs\" data-offset-key=\"aabpj-0-0\">\n<div class=\"_1mf _1mj\" data-offset-key=\"aabpj-0-0\"><span data-offset-key=\"aabpj-0-0\">AUTOS GARZA, TU MEJOR OPCI\u00d3N<\/span><\/div>\n<\/div>\n<div class=\"\" data-block=\"true\" data-editor=\"4lqvs\" data-offset-key=\"6kkfn-0-0\"><\/div>\n<div class=\"\" data-block=\"true\" data-editor=\"4lqvs\" data-offset-key=\"8uc7u-0-0\">\n<div class=\"_1mf _1mj\" data-offset-key=\"8uc7u-0-0\"><\/div>\n<\/div>\n","protected":false},"excerpt":{"rendered":"<div class=\"\" data-block=\"true\" data-editor=\"4lqvs\" data-offset-key=\"aabpj-0-0\">\n<div class=\"_1mf _1mj\" data-offset-key=\"aabpj-0-0\"><span data-offset-key=\"aabpj-0-0\">AUTOS GARZA, TU MEJOR OPCI\u00d3N<\/span><\/div>\n<\/div>\n<div class=\"\" data-block=\"true\" data-editor=\"4lqvs\" data-offset-key=\"6kkfn-0-0\">\n<div class=\"_1mf _1mj\" data-offset-key=\"6kkfn-0-0\"><span data-offset-key=\"6kkfn-0-0\">Visita www.comprosuauto.com<\/span><\/div>\n<\/div>\n<div class=\"\" data-block=\"true\" data-editor=\"4lqvs\" data-offset-key=\"e8bh3-0-0\">\n<div class=\"_1mf _1mj\" data-offset-key=\"e8bh3-0-0\"><span data-offset-key=\"e8bh3-0-0\">FORD EXPLORER LIMITED 2016<\/span><\/div>\n<\/div>\n<div class=\"\" data-block=\"true\" data-editor=\"4lqvs\" data-offset-key=\"674al-0-0\">\n<div class=\"_1mf _1mj\" data-offset-key=\"674al-0-0\"><span data-offset-key=\"674al-0-0\">\u25ab\ufe0fAutomatico<\/span><\/div>\n<\/div>\n<div class=\"\" data-block=\"true\" data-editor=\"4lqvs\" data-offset-key=\"7aju3-0-0\">\n<div class=\"_1mf _1mj\" data-offset-key=\"7aju3-0-0\"><span data-offset-key=\"7aju3-0-0\">\u25ab\ufe0f140,000 KM<\/span><\/div>\n<\/div>\n<div class=\"\" data-block=\"true\" data-editor=\"4lqvs\" data-offset-key=\"5sne6-0-0\">\n<div class=\"_1mf _1mj\" data-offset-key=\"5sne6-0-0\"><span data-offset-key=\"5sne6-0-0\">\u25ab\ufe0fImportado con Pedimento por Aduana<\/span><\/div>\n<\/div>\n<div class=\"\" data-block=\"true\" data-editor=\"4lqvs\" data-offset-key=\"br77v-0-0\">\n<div class=\"_1mf _1mj\" data-offset-key=\"br77v-0-0\"><span data-offset-key=\"br77v-0-0\">\u25ab\ufe0fSe Factura a su Nombre<\/span><\/div>\n<\/div>\n<div class=\"\" data-block=\"true\" data-editor=\"4lqvs\" data-offset-key=\"5tk3v-0-0\">\n<div class=\"_1mf _1mj\" data-offset-key=\"5tk3v-0-0\"><span data-offset-key=\"5tk3v-0-0\">\u25ab\ufe0fNO PAGA CAMBIO PROPIETARIO<\/span><\/div>\n<\/div>\n<div class=\"\" data-block=\"true\" data-editor=\"4lqvs\" data-offset-key=\"5tcov-0-0\">\n<div class=\"_1mf _1mj\" data-offset-key=\"5tcov-0-0\"><span data-offset-key=\"5tcov-0-0\">\ud83d\udcb2$235,000 de contado<\/span><\/div>\n<\/div>\n<div class=\"\" data-block=\"true\" data-editor=\"4lqvs\" data-offset-key=\"dcqsj-0-0\">\n<div class=\"_1mf _1mj\" data-offset-key=\"dcqsj-0-0\"><span data-offset-key=\"dcqsj-0-0\">\ud83d\udcb2$240,000 a credito mas intereses<\/span><\/div>\n<\/div>\n<div class=\"\" data-block=\"true\" data-editor=\"4lqvs\" data-offset-key=\"bor44-0-0\">\n<div class=\"_1mf _1mj\" data-offset-key=\"bor44-0-0\"><span data-offset-key=\"bor44-0-0\">\ud83d\udcb2ENGANCHE DESDE $96,000 <\/span><\/div>\n<\/div>\n<div class=\"\" data-block=\"true\" data-editor=\"4lqvs\" data-offset-key=\"d0m9n-0-0\">\n<div class=\"_1mf _1mj\" data-offset-key=\"d0m9n-0-0\"><span data-offset-key=\"d0m9n-0-0\">\u2757\ufe0fCaracter\u00edsticas:<\/span><\/div>\n<\/div>\n<div class=\"\" data-block=\"true\" data-editor=\"4lqvs\" data-offset-key=\"5vq9m-0-0\">\n<div class=\"_1mf _1mj\" data-offset-key=\"5vq9m-0-0\"><span data-offset-key=\"5vq9m-0-0\">\u25ab\ufe0fColor Negro<\/span><\/div>\n<\/div>\n<div class=\"\" data-block=\"true\" data-editor=\"4lqvs\" data-offset-key=\"7hkph-0-0\">\n<div class=\"_1mf _1mj\" data-offset-key=\"7hkph-0-0\"><span data-offset-key=\"7hkph-0-0\">\u25ab\ufe0fColor interior Piel Beige<\/span><\/div>\n<\/div>\n<div class=\"\" data-block=\"true\" data-editor=\"4lqvs\" data-offset-key=\"4f3pk-0-0\">\n<div class=\"_1mf _1mj\" data-offset-key=\"4f3pk-0-0\"><span data-offset-key=\"4f3pk-0-0\">\u25ab\ufe0f4 Puertas<\/span><\/div>\n<\/div>\n<div class=\"\" data-block=\"true\" data-editor=\"4lqvs\" data-offset-key=\"cvdgf-0-0\">\n<div class=\"_1mf _1mj\" data-offset-key=\"cvdgf-0-0\"><span data-offset-key=\"cvdgf-0-0\">\u25ab\ufe0fMotor 6 CIL<\/span><\/div>\n<\/div>\n<div class=\"\" data-block=\"true\" data-editor=\"4lqvs\" data-offset-key=\"d20a8-0-0\">\n<div class=\"_1mf _1mj\" data-offset-key=\"d20a8-0-0\"><span data-offset-key=\"d20a8-0-0\">\u25ab\ufe0fGasolina<\/span><\/div>\n<\/div>\n<div class=\"\" data-block=\"true\" data-editor=\"4lqvs\" data-offset-key=\"6bd2c-0-0\">\n<div class=\"_1mf _1mj\" data-offset-key=\"6bd2c-0-0\"><span data-offset-key=\"6bd2c-0-0\">\u2755Cuenta con lo siguiente:<\/span><\/div>\n<\/div>\n<div class=\"\" data-block=\"true\" data-editor=\"4lqvs\" data-offset-key=\"3ar75-0-0\">\n<div class=\"_1mf _1mj\" data-offset-key=\"3ar75-0-0\"><span data-offset-key=\"3ar75-0-0\">\u25ab\ufe0fEstereo Touch<\/span><\/div>\n<\/div>\n<div class=\"\" data-block=\"true\" data-editor=\"4lqvs\" data-offset-key=\"bghe7-0-0\">\n<div class=\"_1mf _1mj\" data-offset-key=\"bghe7-0-0\"><span data-offset-key=\"bghe7-0-0\">\u25ab\ufe0fClima<\/span><\/div>\n<\/div>\n<div class=\"\" data-block=\"true\" data-editor=\"4lqvs\" data-offset-key=\"63cfr-0-0\">\n<div class=\"_1mf _1mj\" data-offset-key=\"63cfr-0-0\"><span data-offset-key=\"63cfr-0-0\">\u25ab\ufe0fABS<\/span><\/div>\n<\/div>\n<div class=\"\" data-block=\"true\" data-editor=\"4lqvs\" data-offset-key=\"a5s2c-0-0\">\n<div class=\"_1mf _1mj\" data-offset-key=\"a5s2c-0-0\"><span data-offset-key=\"a5s2c-0-0\">\u25ab\ufe0fVidrios Electricos<\/span><\/div>\n<\/div>\n<div class=\"\" data-block=\"true\" data-editor=\"4lqvs\" data-offset-key=\"69s5l-0-0\">\n<div class=\"_1mf _1mj\" data-offset-key=\"69s5l-0-0\"><span data-offset-key=\"69s5l-0-0\">\u25ab\ufe0fBolsas de Aire<\/span><\/div>\n<\/div>\n<div class=\"\" data-block=\"true\" data-editor=\"4lqvs\" data-offset-key=\"3nbkr-0-0\">\n<div class=\"_1mf _1mj\" data-offset-key=\"3nbkr-0-0\"><span data-offset-key=\"3nbkr-0-0\">\u25ab\ufe0fRines de Aluminio 20&#8243;<\/span><\/div>\n<\/div>\n<div class=\"\" data-block=\"true\" data-editor=\"4lqvs\" data-offset-key=\"8i6dl-0-0\">\n<div class=\"_1mf _1mj\" data-offset-key=\"8i6dl-0-0\"><span data-offset-key=\"8i6dl-0-0\">\u25ab\ufe0fDirecci\u00f3n Hidr\u00e1ulica<\/span><\/div>\n<\/div>\n<div class=\"\" data-block=\"true\" data-editor=\"4lqvs\" data-offset-key=\"4nd3v-0-0\">\n<div class=\"_1mf _1mj\" data-offset-key=\"4nd3v-0-0\"><span data-offset-key=\"4nd3v-0-0\">\u203c\ufe0fCons\u00edguela a cr\u00e9dito con un enganche m\u00ednimo del 40%, con un plazo m\u00e1ximo de 36 meses.<\/span><\/div>\n<\/div>\n<div class=\"\" data-block=\"true\" data-editor=\"4lqvs\" data-offset-key=\"d8kau-0-0\">\n<div class=\"_1mf _1mj\" data-offset-key=\"d8kau-0-0\"><span data-offset-key=\"d8kau-0-0\">TEL. 81 1113 0175<\/span><\/div>\n<\/div>\n<div class=\"\" data-block=\"true\" data-editor=\"4lqvs\" data-offset-key=\"8uc7u-0-0\">\n<div class=\"_1mf _1mj\" data-offset-key=\"8uc7u-0-0\"><span data-offset-key=\"8uc7u-0-0\">\ud83d\udccdEstamos ubicados en Avenida Col\u00f3n #1176 Ote. Entre las calles Carvajal y Diego de Montemayor en Monterrey, N.L <\/span><\/div>\n<\/div>\n","protected":false},"featured_media":2884,"comment_status":"open","ping_status":"closed","template":"","meta":{"_eb_attr":"","site-sidebar-layout":"default","site-content-layout":"","ast-site-content-layout":"default","site-content-style":"default","site-sidebar-style":"default","ast-global-header-display":"","ast-banner-title-visibility":"","ast-main-header-display":"","ast-hfb-above-header-display":"","ast-hfb-below-header-display":"","ast-hfb-mobile-header-display":"","site-post-title":"","ast-breadcrumbs-content":"","ast-featured-img":"","footer-sml-layout":"","ast-disable-related-posts":"","theme-transparent-header-meta":"default","adv-header-id-meta":"","stick-header-meta":"","header-above-stick-meta":"","header-main-stick-meta":"","header-below-stick-meta":"","astra-migrate-meta-layouts":"set","ast-page-background-enabled":"default","ast-page-background-meta":{"desktop":{"background-color":"var(--ast-global-color-5)","background-image":"","background-repeat":"repeat","background-position":"center center","background-size":"auto","background-attachment":"scroll","background-type":"","background-media":"","overlay-type":"","overlay-color":"","overlay-opacity":"","overlay-gradient":""},"tablet":{"background-color":"","background-image":"","background-repeat":"repeat","background-position":"center center","background-size":"auto","background-attachment":"scroll","background-type":"","background-media":"","overlay-type":"","overlay-color":"","overlay-opacity":"","overlay-gradient":""},"mobile":{"background-color":"","background-image":"","background-repeat":"repeat","background-position":"center center","background-size":"auto","background-attachment":"scroll","background-type":"","background-media":"","overlay-type":"","overlay-color":"","overlay-opacity":"","overlay-gradient":""}},"ast-content-background-meta":{"desktop":{"background-color":"var(--ast-global-color-4)","background-image":"","background-repeat":"repeat","background-position":"center center","background-size":"auto","background-attachment":"scroll","background-type":"","background-media":"","overlay-type":"","overlay-color":"","overlay-opacity":"","overlay-gradient":""},"tablet":{"background-color":"var(--ast-global-color-4)","background-image":"","background-repeat":"repeat","background-position":"center center","background-size":"auto","background-attachment":"scroll","background-type":"","background-media":"","overlay-type":"","overlay-color":"","overlay-opacity":"","overlay-gradient":""},"mobile":{"background-color":"var(--ast-global-color-4)","background-image":"","background-repeat":"repeat","background-position":"center center","background-size":"auto","background-attachment":"scroll","background-type":"","background-media":"","overlay-type":"","overlay-color":"","overlay-opacity":"","overlay-gradient":""}},"_joinchat":{"telephone":"+528111130175"}},"product_cat":[22],"product_tag":[],"class_list":{"0":"post-2883","1":"product","2":"type-product","3":"status-publish","4":"has-post-thumbnail","6":"product_cat-suv","7":"desktop-align-left","8":"tablet-align-left","9":"mobile-align-left","11":"first","12":"instock","13":"shipping-taxable","14":"purchasable","15":"product-type-simple"},"_links":{"self":[{"href":"https:\/\/comprosuauto.com\/index.php\/wp-json\/wp\/v2\/product\/2883","targetHints":{"allow":["GET"]}}],"collection":[{"href":"https:\/\/comprosuauto.com\/index.php\/wp-json\/wp\/v2\/product"}],"about":[{"href":"https:\/\/comprosuauto.com\/index.php\/wp-json\/wp\/v2\/types\/product"}],"replies":[{"embeddable":true,"href":"https:\/\/comprosuauto.com\/index.php\/wp-json\/wp\/v2\/comments?post=2883"}],"wp:featuredmedia":[{"embeddable":true,"href":"https:\/\/comprosuauto.com\/index.php\/wp-json\/wp\/v2\/media\/2884"}],"wp:attachment":[{"href":"https:\/\/comprosuauto.com\/index.php\/wp-json\/wp\/v2\/media?parent=2883"}],"wp:term":[{"taxonomy":"product_cat","embeddable":true,"href":"https:\/\/comprosuauto.com\/index.php\/wp-json\/wp\/v2\/product_cat?post=2883"},{"taxonomy":"product_tag","embeddable":true,"href":"https:\/\/comprosuauto.com\/index.php\/wp-json\/wp\/v2\/product_tag?post=2883"}],"curies":[{"name":"wp","href":"https:\/\/api.w.org\/{rel}","templated":true}]}}